st common divisor of a and 26.
13
Let q(g) = -15*g**2 - 29 - 10*g**2 + 5*g**2 - g**3 - 21*g. Let t be q(-19). Calculate the greatest common divisor of 6 and t.
3
Suppose -10*x = -450 + 70. What is the highest common divisor of 2033 and x?
19
Suppose 0 = -5*j - 5*h + 2640, 0*h + 2112 = 4*j + 2*h. What is the greatest common factor of 3 and j?
3
Let w be 42/10 - (-13)/(-65). Suppose -3*y + 2*k = -76, 5*y = -2*k - k + 133. Let u be y/w*12/6. Calculate the greatest common divisor of u and 39.
13
Suppose -2*z = z + 87. Let f = 76 - z. What is the highest common factor of 42 and f?
21
Let p = 533 - 157. What is the highest common factor of 47 and p?
47
Suppose 2*p + g = 1, 0*p - p = 4*g + 17. Let w be (24/(-40))/((-1)/105). Suppose p*c + 0*c = w. Calculate the highest common divisor of 168 and c.
21
Let t(n) = -311*n**3 + 2*n**2 + 3*n + 2. Let i be t(-1). What is the highest common divisor of i and 24?
24
Let v(d) = -d**2 - 19*d + 3. Let s(w) = -w - 5. Let k be s(14). Let h be v(k). What is the greatest common factor of h and 9?
3
Suppose -6*u - 3 = -69. Suppose -3*s - 4*k + 508 = 0, -3*s + 2*k + 714 = s. Suppose -3*h + s = h. What is the highest common factor of u and h?
11
Let b = -11 + 13. Suppose -4*l - 33 = x, 5*x + 32 = -b*l + l. Let n be 10*(l/(-2) + 0). Calculate the highest common divisor of 7 and n.
7
Let z(x) = 14*x**2 + 14*x - 25. Let s be z(2). Calculate the greatest common divisor of 295 and s.
59
Let t(y) = -y**2 + 41*y - 102. Let k be t(37). What is the greatest common factor of k and 92?
46
Let g(v) = v**3 - 3*v**2 + 17*v - 5. Let y be g(6). Let n = y + -53. Calculate the highest common divisor of n and 8.
8
Suppose 5*h = -7*v + 5*v + 5, -18 = -4*v - 2*h. Calculate the highest common factor of 85 and v.
5
Let v be ((-382)/(-4) - 1/2) + -3. What is the highest common divisor of v and 12?
4
Let g = 4174 - 2149. Calculate the greatest common factor of g and 81.
81
Let w be (-4)/16*-14*-2. Let g = w + 16. What is the highest common factor of 18 and g?
9
Let q(h) = -7*h - 2. Let m(o) = 7*o + 3. Let d(s) = -3*m(s) - 2*q(s). Let v be d(-15). What is the greatest common factor of v and 20?
20
Suppose -9*k + 11*k - 4517 = -3*r, -k + 3*r = -2245. Calculate the highest common factor of k and 98.
98
Let l(b) = 21*b + 8. Let q(v) = -43*v - 17. Let f be 12 - ((-8)/4 + 1). Let m(o) = f*l(o) + 6*q(o). Let s be m(5). What is the highest common factor of s and 7?
7
Let m = -32 - -36. Suppose 4*j + 0 = 16, -m*j + 379 = 3*v. Calculate the highest common factor of v and 11.
11
Let x(n) = n**2 + 3*n - 7. Let k be 5*(-3 - (-4 + 2)). Let b be x(k). Suppose 1 = 2*c + b, -g = -c - 9. Calculate the highest common factor of g and 24.
8
Let h(d) = d**2 - 5*d + 10. Let p = 33 + -23. Let x be h(p). Let j = -29 - -69. Calculate the highest common divisor of j and x.
20
Let f(v) = v**3 + 11*v**2 + 4*v - 7. Let y be f(-6). Let p = y + -21. What is the greatest common divisor of 8 and p?
8
Let s(h) = -24*h**2 - 2*h**3 + 21*h**2 + 1 + 6*h**3 - h**3. Let w be s(2). Calculate the greatest common divisor of w and 13.
13
Let f be ((-24)/14)/((-4)/42). Let r(m) = -m**3 - m + 3. Let d be r(0). Suppose 39 = 2*c - h, h - 2*h = d. Calculate the greatest common divisor of f and c.
18
Suppose -5 = 3*i - 2. Let t = i + 5. Suppose -t*k - 3*r - 2*r = -4, 3*k + 2*r - 3 = 0. What is the highest common factor of 9 and k?
1
Suppose 7*b = b + 18. Suppose b*t - 6*t = -36. Let y(n) = n**3 - n + 60. Let r be y(0). What is the greatest common divisor of r and t?
12
Let f = -417 - -470. What is the highest common divisor of 2 and f?
1
Suppose -4*q + 2*q + 192 = 0. Suppose -7*z + 9 = -q. Let c be (90/12)/(1/4). Calculate the greatest common factor of z and c.
15
Suppose 0 = -g + 6 - 0. Let f(i) = -i**2 + 5*i + 7. Let x be f(g). Calculate the highest common divisor of 19 and x.
1
Let h = 516 + -264. What is the highest common factor of h and 144?
36
Let b = -165 + 205. Let m be -17 - (0 - 1)*1. Let y = b + m. What is the greatest common divisor of y and 264?
24
Let u be 87 + -10 - 1*-4. Suppose -u = -8*s + 5*s. Calculate the highest common divisor of s and 9.
9
Suppose 3*x + 2*w - 4 = 6*x, 3*x + 4*w = 8. Suppose a + 3*r - 15 = x, 28 = 4*a - 0*a - 4*r. Calculate the highest common factor of a and 27.
9
Let p = 991 + -987. What is the highest common factor of p and 124?
4
Let p(y) = -6*y**3 + 30*y**2 + 144*y - 12. Let z be p(-6). What is the highest common factor of 60 and z?
60
Suppose 55 = 53*w - 48*w. Let l = -16 - -60. What is the highest common factor of l and w?
11
Let m = -789 - -870. Let w(k) = k**2 - k + 9. Let v be w(0). Calculate the greatest common factor of v and m.
9
Let d = 561 + -932. Let j = d + 595. Suppose -3*w = 0, 4*l - j = -0*w - w. Calculate the greatest common divisor of 7 and l.
7
Let p be ((-9)/15 + 3)*3740/33. Calculate the greatest common divisor of p and 34.
34
Let i(r) = 52*r + 270. Let f be i(-5). Suppose 0 = -5*y + 5*n + 30, -36 = -3*y + y - 4*n. What is the greatest common divisor of y and f?
10
Suppose 832 = -f - 7*f. Let a be (44/16 + -4)*f. Calculate the highest common factor of 13 and a.
13
Let i(r) = 47 - 13 - 2*r + r**2 + 186. Let q be i(0). What is the highest common divisor of q and 20?
20
Let x(n) = n**3 - 4*n**2 - 14*n - 5. Let y be x(6). Let i = 12 - y. What is the highest common divisor of 58 and i?
29
Suppose 0 = -11*o + 10*o + 89. Let m be o + -1 - 0*1/(-2). Calculate the highest common factor of 11 and m.
11
Let j(n) = n**2 - 12*n + 13. Let x be j(9). Let m be ((-11)/2)/((-7)/x). Let t = 18 + m. Calculate the highest common factor of t and 49.
7
Suppose -9*m = -14*m + 80. Let x be (28/m)/(3/12). Suppose -5*y + x*y = 12. Calculate the greatest common factor of 24 and y.
6
Let b be (-9944)/(-28) + -3 - 15/105. What is the highest common divisor of b and 128?
32
Suppose -52 = 3*k + 4*c - 192, 60 = k + 4*c. What is the greatest common factor of k and 160?
40
Suppose 0 = 1325*g - 1317*g - 24. What is the highest common factor of g and 375?
3
Let f(z) = -122*z + 920. Let q be f(7). Calculate the highest common factor of q and 51.
3
Let a(w) = -201*w**3 + w. Let b be a(-1). Let f = 58 - 33. What is the highest common divisor of b and f?
25
Suppose m = 5*m - 56. Let l be 18/12*2/3. Suppose k - z = 2*k + l, 0 = -5*k - z + 7. What is the highest common factor of m and k?
2
Let v be (204/(-10))/((-8)/20). Let f = v - 38. Calculate the highest common factor of 39 and f.
13
Suppose 4*w - 14 = -4*d + 6*d, 8 = 3*w + d. Let c be (-5)/((-12)/9 + 1). Calculate the greatest common divisor of w and c.
3
Let c be -10*1*(-8)/(-20). Let b be (2/c)/((-8)/48). Suppose 2*h - 6 = -0. What is the highest common divisor of b and h?
3
Let k = 511 + -445. Calculate the highest common factor of 30 and k.
6
Let m(k) = 6*k**2 - 7*k + 3. Let a be m(3). Let r = 19 + 29. What is the highest common divisor of a and r?
12
Let m = 0 + 3. Suppose 4*x - 45 = -m*v + 183, -2*v = 2*x - 116. Suppose -2*j + 5*j = x. What is the highest common factor of 45 and j?
9
Let u = -444 - -565. Suppose o + 22 = l + 9, 0 = -4*l + o + 52. Let b = 24 - l. Calculate the greatest common divisor of b and u.
11
Let m(k) = k**3 + 11*k**2 + 13*k + 48. Let t be m(-8). Calculate the greatest common factor of 34 and t.
34
Let y = -91 + 298. Calculate the highest common divisor of y and 759.
69
Suppose 2*f - 3*w = 20, -w = -3*f + 14 + 2. Suppose -5*g + 5*j + 179 = -41, f*j = 8. Calculate the greatest common factor of 23 and g.
23
Let w(p) = p**3 + 7*p**2 - 9*p - 2. Let v be w(-8). Suppose 0 = -3*t - 0*t + k + 94, 0 = -t + 5*k + 50. What is the greatest common factor of v and t?
6
Let j(t) be the first derivative of t**2/2 + 9*t + 6. Let p be j(-3). Calculate the greatest common divisor of p and 66.
6
Let l be (1/(-1))/((-2)/(-14)). Let k(z) = z**2 + 4*z - 5. Let v be k(l). Suppose -123 = -5*m - 43. What is the greatest common divisor of m and v?
16
Suppose 3*i + 115 = 5*c - 4*c, 5*c = 4*i + 564. What is the greatest common divisor of c and 154?
14
Suppose 53*r - 1666 - 83 = 0. What is the highest common factor of 253 and r?
11
Let j be 1/((-8)/(-236))*8 + 2. Calculate the greatest common factor of 42 and j.
14
Suppose 2*z + 170 = 2*h - 408, 4*h - 1144 = z. What is the highest common divisor of h and 10?
5
Let d 